	{"id":53,"date":"2024-10-18T21:48:16","date_gmt":"2024-10-18T19:48:16","guid":{"rendered":"https:\/\/aprilmouse.cz\/?page_id=53"},"modified":"2025-09-17T10:01:33","modified_gmt":"2025-09-17T08:01:33","slug":"index","status":"publish","type":"page","link":"https:\/\/aprilmouse.cz\/","title":{"rendered":"Index"},"content":{"rendered":"\t\t<div data-elementor-type=\"wp-page\" data-elementor-id=\"53\" class=\"elementor elementor-53\">\n\t\t\t\t<div class=\"elementor-element elementor-element-c674bbd e-flex e-con-boxed e-con e-parent\" data-id=\"c674bbd\" data-element_type=\"container\">\n\t\t\t\t\t<div class=\"e-con-inner\">\n\t\t<div class=\"elementor-element elementor-element-a6aa3e0 e-flex e-con-boxed e-con e-child\" data-id=\"a6aa3e0\" data-element_type=\"container\" data-settings=\"{&quot;background_background&quot;:&quot;classic&quot;}\">\n\t\t\t\t\t<div class=\"e-con-inner\">\n\t\t<div class=\"elementor-element elementor-element-3ad47e8 e-grid e-con-full e-con e-child\" data-id=\"3ad47e8\" data-element_type=\"container\">\n\t\t<div class=\"elementor-element elementor-element-d90e9ec e-grid e-con-full e-con e-child\" data-id=\"d90e9ec\" data-element_type=\"container\">\n\t\t<div class=\"elementor-element elementor-element-3b1a8ff e-con-full e-flex e-con e-child\" data-id=\"3b1a8ff\" data-element_type=\"container\">\n\t\t\t\t<div class=\"elementor-element elementor-element-30e4c8d elementor-widget elementor-widget-image\" data-id=\"30e4c8d\" data-element_type=\"widget\" data-widget_type=\"image.default\">\n\t\t\t\t<div class=\"elementor-widget-container\">\n\t\t\t\t\t\t\t\t\t\t\t\t\t\t\t\t<a href=\"https:\/\/aprilmouse.cz\/\">\n\t\t\t\t\t\t\t<img decoding=\"async\" width=\"300\" height=\"158\" src=\"https:\/\/aprilmouse.cz\/wp-content\/uploads\/2024\/10\/logo_aprilmouse-4-300x158.png\" class=\"attachment-medium size-medium wp-image-55\" alt=\"\" srcset=\"https:\/\/aprilmouse.cz\/wp-content\/uploads\/2024\/10\/logo_aprilmouse-4-300x158.png 300w, https:\/\/aprilmouse.cz\/wp-content\/uploads\/2024\/10\/logo_aprilmouse-4.png 600w\" sizes=\"(max-width: 300px) 100vw, 300px\" \/>\t\t\t\t\t\t\t\t<\/a>\n\t\t\t\t\t\t\t\t\t\t\t\t\t\t\t<\/div>\n\t\t\t\t<\/div>\n\t\t\t\t<\/div>\n\t\t<div class=\"elementor-element elementor-element-96e3df3 e-con-full e-flex e-con e-child\" data-id=\"96e3df3\" data-element_type=\"container\">\n\t\t\t\t<div class=\"elementor-element elementor-element-266a8c3 elementor-widget elementor-widget-text-editor\" data-id=\"266a8c3\" data-element_type=\"widget\" data-widget_type=\"text-editor.default\">\n\t\t\t\t<div class=\"elementor-widget-container\">\n\t\t\t\t\t\t\t\t\t<p>Prav\u00e1 ruka obchodn\u00edka<br \/>od roku 2003<\/p>\t\t\t\t\t\t\t\t<\/div>\n\t\t\t\t<\/div>\n\t\t\t\t<\/div>\n\t\t<div class=\"elementor-element elementor-element-d042774 e-con-full e-flex e-con e-child\" data-id=\"d042774\" data-element_type=\"container\">\n\t\t\t\t<div class=\"elementor-element elementor-element-57eacca elementor-widget elementor-widget-heading\" data-id=\"57eacca\" data-element_type=\"widget\" data-widget_type=\"heading.default\">\n\t\t\t\t<div class=\"elementor-widget-container\">\n\t\t\t\t\t<h3 class=\"elementor-heading-title elementor-size-default\"><a href=\"https:\/\/aprilmouse.cz\/index.php\/elementor-page-192\/\">Kontakty<\/a><\/h3>\t\t\t\t<\/div>\n\t\t\t\t<\/div>\n\t\t\t\t<\/div>\n\t\t<div class=\"elementor-element elementor-element-a3b49ca e-con-full e-flex e-con e-child\" data-id=\"a3b49ca\" data-element_type=\"container\">\n\t\t\t\t<div class=\"elementor-element elementor-element-aa2adac elementor-view-default elementor-widget elementor-widget-icon\" data-id=\"aa2adac\" data-element_type=\"widget\" data-widget_type=\"icon.default\">\n\t\t\t\t<div class=\"elementor-widget-container\">\n\t\t\t\t\t\t\t<div class=\"elementor-icon-wrapper\">\n\t\t\t<a class=\"elementor-icon elementor-animation-pulse-grow\" href=\"http:\/\/www.facebook.com\/aprilmouse\">\n\t\t\t<svg aria-hidden=\"true\" class=\"e-font-icon-svg e-fab-facebook-f\" viewBox=\"0 0 320 512\" xmlns=\"http:\/\/www.w3.org\/2000\/svg\"><path d=\"M279.14 288l14.22-92.66h-88.91v-60.13c0-25.35 12.42-50.06 52.24-50.06h40.42V6.26S260.43 0 225.36 0c-73.22 0-121.08 44.38-121.08 124.72v70.62H22.89V288h81.39v224h100.17V288z\"><\/path><\/svg>\t\t\t<\/a>\n\t\t<\/div>\n\t\t\t\t\t\t<\/div>\n\t\t\t\t<\/div>\n\t\t\t\t<\/div>\n\t\t\t\t<\/div>\n\t\t<div class=\"elementor-element elementor-element-64bb7e5 e-grid e-con-full e-con e-child\" data-id=\"64bb7e5\" data-element_type=\"container\">\n\t\t\t\t<div class=\"elementor-element elementor-element-11d8dba elementor-widget elementor-widget-text-editor\" data-id=\"11d8dba\" data-element_type=\"widget\" data-widget_type=\"text-editor.default\">\n\t\t\t\t<div class=\"elementor-widget-container\">\n\t\t\t\t\t\t\t\t\t<p><strong>N<\/strong><strong>OV\u00c9 DIGISCRAPBOOKOV\u00c9 KALEND\u00c1\u0158E PRO ROK 2025<\/strong><br><strong>JSOU U\u017d P\u0158IPRAVEN\u00c9!<\/strong><\/p>\n<p>Pot\u011b\u0161te i letos babi\u010dku nejobl\u00edben\u011bj\u0161\u00edm d\u00e1rkem &#8211; kalend\u00e1\u0159em s fotografiemi nejbli\u017e\u0161\u00edch!<\/p>\n<p>V\u00edce informac\u00ed naleznete <a href=\"https:\/\/aprilmouse.cz\/index.php\/kalendar\/\">ZDE<\/a><\/p>\n<p>Kontaktujte m\u011b, pros\u00edm, na e-mailu <span style=\"text-decoration-line: underline;\">aprilmouse.cz@gmail.com<\/span><br><\/p>\t\t\t\t\t\t\t\t<\/div>\n\t\t\t\t<\/div>\n\t\t\t\t<div class=\"elementor-element elementor-element-e431415 elementor-widget elementor-widget-image\" data-id=\"e431415\" data-element_type=\"widget\" data-widget_type=\"image.default\">\n\t\t\t\t<div class=\"elementor-widget-container\">\n\t\t\t\t\t\t\t\t\t\t\t\t\t\t\t<img fetchpriority=\"high\" decoding=\"async\" width=\"800\" height=\"780\" src=\"https:\/\/aprilmouse.cz\/wp-content\/uploads\/2025\/09\/2026_bila.png\" class=\"attachment-large size-large wp-image-280\" alt=\"\" srcset=\"https:\/\/aprilmouse.cz\/wp-content\/uploads\/2025\/09\/2026_bila.png 800w, https:\/\/aprilmouse.cz\/wp-content\/uploads\/2025\/09\/2026_bila-300x293.png 300w, https:\/\/aprilmouse.cz\/wp-content\/uploads\/2025\/09\/2026_bila-768x749.png 768w\" sizes=\"(max-width: 800px) 100vw, 800px\" \/>\t\t\t\t\t\t\t\t\t\t\t\t\t\t\t<\/div>\n\t\t\t\t<\/div>\n\t\t\t\t<\/div>\n\t\t\t\t<\/div>\n\t\t\t\t\t<\/div>\n\t\t\t\t<\/div>\n\t\t\t\t\t<\/div>\n\t\t\t\t<\/div>\n\t\t<div class=\"elementor-element elementor-element-a628720 e-flex e-con-boxed e-con e-parent\" data-id=\"a628720\" data-element_type=\"container\">\n\t\t\t\t\t<div class=\"e-con-inner\">\n\t\t<div class=\"elementor-element elementor-element-4cc96e2 e-con-full e-flex e-con e-child\" data-id=\"4cc96e2\" data-element_type=\"container\" data-settings=\"{&quot;background_background&quot;:&quot;classic&quot;}\">\n\t\t\t\t<div class=\"elementor-element elementor-element-c94f57e elementor-widget elementor-widget-text-editor\" data-id=\"c94f57e\" data-element_type=\"widget\" data-widget_type=\"text-editor.default\">\n\t\t\t\t<div class=\"elementor-widget-container\">\n\t\t\t\t\t\t\t\t\t<p>V p\u0159\u00edpad\u011b, \u017ee dojde mezi n\u00e1mi a spot\u0159ebitelem ke vzniku spot\u0159ebitelsk\u00e9ho sporu z kupn\u00ed smlouvy nebo ze smlouvy o poskytov\u00e1n\u00ed slu\u017eeb, kter\u00fd se nepoda\u0159\u00ed vy\u0159e\u0161it vz\u00e1jemnou dohodou, m\u016f\u017ee spot\u0159ebitel podat n\u00e1vrh na mimosoudn\u00ed \u0159e\u0161en\u00ed takov\u00e9ho sporu ur\u010den\u00e9mu subjektu mimosoudn\u00edho \u0159e\u0161en\u00ed spot\u0159ebitelsk\u00fdch spor\u016f, kter\u00fdm je<\/p><p>\u010cesk\u00e1 obchodn\u00ed inspekce, \u00dast\u0159edn\u00ed inspektor\u00e1t \u2013 odd\u011blen\u00ed ADR, \u0160t\u011bp\u00e1nsk\u00e1 44 110 00 Praha 1<\/p><p>Email: adr@coi.cz<br \/>Web: adr.coi.cz<\/p>\t\t\t\t\t\t\t\t<\/div>\n\t\t\t\t<\/div>\n\t\t\t\t<\/div>\n\t\t\t\t\t<\/div>\n\t\t\t\t<\/div>\n\t\t\t\t<\/div>\n\t\t","protected":false},"excerpt":{"rendered":"<p>Prav\u00e1 ruka obchodn\u00edkaod roku 2003 Kontakty NOV\u00c9 DIGISCRAPBOOKOV\u00c9 KALEND\u00c1\u0158E PRO ROK 2025JSOU U\u017d P\u0158IPRAVEN\u00c9! Pot\u011b\u0161te i letos babi\u010dku nejobl\u00edben\u011bj\u0161\u00edm d\u00e1rkem &#8211; kalend\u00e1\u0159em s fotografiemi nejbli\u017e\u0161\u00edch! V\u00edce informac\u00ed naleznete ZDE Kontaktujte m\u011b, pros\u00edm, na e-mailu aprilmouse.cz@gmail.com V p\u0159\u00edpad\u011b, \u017ee dojde mezi n\u00e1mi a spot\u0159ebitelem ke vzniku spot\u0159ebitelsk\u00e9ho sporu z kupn\u00ed smlouvy nebo ze smlouvy o poskytov\u00e1n\u00ed [&hellip;]<\/p>\n","protected":false},"author":1,"featured_media":0,"parent":0,"menu_order":0,"comment_status":"closed","ping_status":"closed","template":"elementor_canvas","meta":{"footnotes":""},"class_list":["post-53","page","type-page","status-publish","hentry"],"_links":{"self":[{"href":"https:\/\/aprilmouse.cz\/index.php\/wp-json\/wp\/v2\/pages\/53","targetHints":{"allow":["GET"]}}],"collection":[{"href":"https:\/\/aprilmouse.cz\/index.php\/wp-json\/wp\/v2\/pages"}],"about":[{"href":"https:\/\/aprilmouse.cz\/index.php\/wp-json\/wp\/v2\/types\/page"}],"author":[{"embeddable":true,"href":"https:\/\/aprilmouse.cz\/index.php\/wp-json\/wp\/v2\/users\/1"}],"replies":[{"embeddable":true,"href":"https:\/\/aprilmouse.cz\/index.php\/wp-json\/wp\/v2\/comments?post=53"}],"version-history":[{"count":94,"href":"https:\/\/aprilmouse.cz\/index.php\/wp-json\/wp\/v2\/pages\/53\/revisions"}],"predecessor-version":[{"id":284,"href":"https:\/\/aprilmouse.cz\/index.php\/wp-json\/wp\/v2\/pages\/53\/revisions\/284"}],"wp:attachment":[{"href":"https:\/\/aprilmouse.cz\/index.php\/wp-json\/wp\/v2\/media?parent=53"}],"curies":[{"name":"wp","href":"https:\/\/api.w.org\/{rel}","templated":true}]}}